2147a622a
In base 4, what is 130323 + 202102111?
202233100
In base 16, what is -92 + d947?
d8b5
In base 8, what is -761773 - -40?
-761733
In base 2, what is -1001 + -100100101101011000?
-100100101101100001
In base 4, what is -122023 - 1101120?
-1223203
In base 8, what is 22676 + -211452?
-166554
In base 12, what is 11 + 1a575a?
1a576b
In base 3, what is 1 - -20021021010221120?
20021021010221121
In base 13, what is 1 + -3392860?
-339285c
In base 11, what is -4029764a + -1?
-40297650
In base 8, what is 2 + 71226537?
71226541
In base 2, what is 100111001100 + 11001001000010001?
11001101111011101
In base 4, what is -11012332200 + 10?
-11012332130
In base 4, what is -20232021022301 - 0?
-20232021022301
In base 8, what is -3760716 - 67?
-3761005
In base 13, what is -63001 + -218?
-63219
In base 15, what is 2 + -421a17?
-421a15
In base 12, what is 4 - 147802?
-1477ba
In base 14, what is -295 - a75a?
-aa11
In base 11, what is 819493 - 751?
818842
In base 2, what is 100000001111010010011100 + -101?
100000001111010010010111
In base 11, what is -48a - -340072?
33a693
In base 5, what is -1441 + -13143141?
-13200132
In base 4, what is -1303032 + -2022?
-1311120
In base 5, what is -30014032 - 441?
-30020023
In base 13, what is -6152 - a5?
-6227
In base 10, what is 3 - -74843295?
74843298
In base 8, what is -223 - -2472706?
2472463
In base 8, what is 4 + 62167114?
62167120
In base 2, what is -101000011111011010011011 + 110?
-101000011111011010010101
In base 15, what is e + 1659977?
1659986
In base 5, what is -11214 + 13010142?
12443423
In base 12, what is -4 - 1448337?
-144833b
In base 4, what is 300330 - -21020323?
21321313
In base 4, what is -12230 + -13002133?
-13021023
In base 15, what is -139 - -1ac2?
1988
In base 16, what is -35 - 155a0?
-155d5
In base 16, what is 19 - 63c5?
-63ac
In base 3, what is -102 + -110202212211102?
-110202212211211
In base 2, what is -1011001011101100 + 1000110000101?
-1010000101100111
In base 10, what is -20680 + -6121?
-26801
In base 4, what is -1310 + 103020332333?
103020331023
In base 8, what is -305365050 + -5?
-305365055
In base 5, what is 112031421 + -4240?
112022131
In base 9, what is -552662185 + 5?
-552662180
In base 4, what is 2202 + 1322032303?
1322101111
In base 3, what is 0 + -202210221111200110?
-202210221111200110
In base 4, what is 1311301 + 1103?
1313010
In base 3, what is -201002220122 + 222?
-201002212200
In base 2, what is -10011010000011000 + 1111?
-10011010000001001
In base 14, what is -aa4c73b + 0?
-aa4c73b
In base 13, what is 10 - 927789b?
-927788b
In base 11, what is 7295 + 9a?
7384
In base 10, what is 12812866 - 3?
12812863
In base 14, what is 14b7d6 + -b?
14b7c9
In base 10, what is -641 - 13512?
-14153
In base 14, what is -55d - 5781?
-5d00
In base 6, what is -2431010300 - 4?
-2431010304
In base 3, what is 11200201001100200 + 12?
11200201001100212
In base 15, what is 349e3b + 1c?
349e58
In base 8, what is 2022517 + 5?
2022524
In base 7, what is -5 + -26206533?
-26206541
In base 9, what is 1384 + -1831?
-436
In base 8, what is -53146537 - 1?
-53146540
In base 10, what is -329 - -313319?
312990
In base 11, what is 474408 - 0?
474408
In base 2, what is 111 - -1001101100100010011011?
1001101100100010100010
In base 12, what is 3766a6 + -1?
3766a5
In base 4, what is 1221 + 2121121031?
2121122312
In base 10, what is 9 - -5528781?
5528790
In base 7, what is 364640653 + -10?
364640643
In base 14, what is -c2b - 144d4?
-15321
In base 11, what is -152 - -206a5?
20553
In base 10, what is -6 + -7627201?
-7627207
In base 14, what is -3ca3c - -254?
-3c7c8
In base 11, what is -86233847 + 5?
-86233842
In base 12, what is -ab74810 - -5?
-ab74807
In base 14, what is 63bcb6 + 69?
63bd41
In base 15, what is 3cda23 - 1?
3cda22
In base 7, what is -65105 + -26512?
-124620
In base 14, what is -11 + 1705cdc?
1705ccb
In base 7, what is -1036261564 - -5?
-1036261556
In base 12, what is -1 - 7b3178?
-7b3179
In base 11, what is -a8 - -703492?
703395
In base 12, what is -1 + -143718?
-143719
In base 8, what is 1023101 + -556?
1022323
In base 14, what is -1d5857 - -14c?
-1d5709
In base 6, what is -405340232 - 4?
-405340240
In base 13, what is -125a5 + 34a9?
-c0c9
In base 2, what is -10010010101100111100011 + 1110111?
-10010010101100101101100
In base 4, what is 331133012 - -31?
331133103
In base 14, what is -934c0 + -81?
-93561
In base 11, what is -811565a3 - 0?
-811565a3
In base 15, what is 7ad - 22b9?
-1a0b
In base 15, what is -374d - -127?
-3626
In base 9, what is -1 - -2756414?
2756413
In base 6, what is -5 - -121014131?
121014122
In base 7, what is 25144 - 60615?
-32441
In base 11, what is -a446 - -73?
-a383
In base 10, what is 1316911 - -4?
1316915
In base 16, what is -1b + 52097?
5207c
In base 15, what is 58 - 32543?
-324da
In base 13, what is -3b + 12695?
12657
In base 4, what is -20230130 + 20?
-20230110
In base 13, what is b40075 + -3?
b40072
In base 2, what is 100011 + -10010100010100011?
-10010100010000000
In base 6, what is -421 - 1300244?
-1301105
In base 15, what is 4 + 9808d?
98092
In base 2, what is 1000101101101011001010011111 + 0?
1000101101101011001010011111
In base 5, what is -3 + -220003004144?
-220003004202
In base 10, what is 2515802 + 47?
2515849
In base 2, what is 1000011 - 111100011101111001?
-111100011100110110
In base 4, what is -20023 - -123033233?
123013210
In base 8, what is -5 - -65715134?
65715127
In base 6, what is 110443 - 20433?
50010
In base 16, what is 9fe55 - 40?
9fe15
In base 15, what is -19985 - 592?
-1a027
In base 16, what is 274 - 422?
-1ae
In base 16, what is 39dbf90f + 5?
39dbf914
In base 9, what is 15283 + 223?
15516
In base 4, what is -12231300002101 + -11?
-12231300002112
In base 12, what is -3 - 3154457?
-315445a
In base 6, what is -10542153041 - -5?
-10542153032
In base 2, what is 1000 + -10101101110100110011001?
-10101101110100110010001
In base 2, what is -1001110101100101000010 - 1011?
-1001110101100101001101
In base 3, what is -12 - 1120121101011221?
-1120121101012010
In base 5, what is -12113 + 203?
-11410
In base 4, what is -22230 - 33113011?
-33201301
In base 5, what is 1340023 - 4003?
1331020
In base 2, what is 11010 + 111111110110000011?
111111110110011101
In base 12, what is 55577 - 306?
55271
In base 11, what is 110 + 39a39?
3a049
In base 8, what is 10717640 + 3?
10717643
In base 9, what is 638163 + 10?
638173
In base 2, what is 1110001100010000 + 10100110001001?
10000110010011001
In base 14, what is b0dcc + 8a?
b1078
In base 8, what is -4 + 127055174?
127055170
In base 6, what is 230055 + 4105?
234204
In base 16, what is -5a05 - 84ea?
-deef
In base 16, what is -5ab6fd + a?
-5ab6f3
In base 6, what is -204032340 - 12?
-204032352
In base 4, what is 30 + 1102301213023?
1102301213113
In base 14, what is 14b - 37288?
-3713b
In base 14, what is 2 - -19826b4?
19826b6
In base 9, what is 12521 - 20065?
-6444
In base 2, what is -1001010110101111 + -100111000000?
-1001111101101111
In base 12, what is 1a27 + -87a?
1169
In base 11, what is 9283 - 6aa?
8684
In base 16, what is 2 - bcbf01?
-bcbeff
In base 2, what is 0 - -100011010101001101110101001?
100011010101001101110101001
In base 2, what is -11 - 100110011010001111101?
-100110011010010000000
In base 2, what is -100010110101101 + -110100010101110?
-1010111001011011
In base 5, what is 4213124 - 214?
4212410
In base 6, what is 204424024 - -1?
204424025
In base 10, what is -335596 + 649?
-334947
In base 7, what is -452466250 - 5?
-452466255
In base 3, what is -10010 + -12100012110?
-12100022120
In base 6, what is 13351 + -1052450?
-1035055
In base 15, what is 5d - -19bd8a?
19bde8
In base 15, what is -51ed - 549c?
-a69a
In base 8, what is -1402 + -1233?
-2635
In base 6, what is 1125511 + 313?
1130224
In base 5, what is 4410044 + -11?
4410033
In base 16, what is -d6 + -1f86a?
-1f940
In base 14, what is -867 - -5c4a?
53c3
In base 10, what is 68 + 271193?
271261
In base 7, what is -2 - -1242641512?
1242641510
In base 3, what is 21111210100102 + -11?
21111210100021
In base 10, what is 236 + -157055?
-156819
In base 14, what is d13c678 - 3?
d13c675
In base 15, what is -614c957 + -4?
-614c95b
In base 8, what is 233173 - 3331?
227642
In base 16, what is 100c + -4b12?
-3b06
In base 15, what is 6 - -91787?
9178d
In base 16, what is -32dea -